20 = -j*q + 2*i. Let a = -6 - -19. Calculate the remainder when a is divided by q.
6
Let z = 90 - 90. Let h(u) = 2*u**2 - u - 6. Let p be h(-2). Suppose p*c - 42 = -z*o + o, -c + 9 = -o. Calculate the remainder when 86 is divided by c.
9
Suppose -599*k = -602*k, m - k = 46. What is the remainder when 82 is divided by m?
36
Let j be (-2)/((-3)/(-129)*-2). Let a = j + 23. Let q = -56 + a. Calculate the remainder when 29 is divided by q.
9
Suppose -5*x = y - 470, 0 = 3*x - y - 2*y - 300. What is the remainder when x is divided by 17?
10
Suppose 176 = 3*j + 1109. Let p = -244 - j. Calculate the remainder when p is divided by 26.
15
Suppose 4 = -g + 3*v, 48*v + 36 = g + 53*v. Calculate the remainder when 43064 is divided by g.
10
Suppose 0*z + 5*z + q - 804 = 0, 9*z - 1454 = 5*q. Calculate the remainder when z is divided by 11.
7
What is the remainder when 140120/640 - (-2)/32 is divided by 109?
1
Suppose 5*c = 4*z + 588, 2*z + 265 = 5*c - 29. Calculate the remainder when 47 is divided by (-3)/(z/(-25) + -6).
22
Suppose -4*r + 20 = 4. Suppose -80 = -4*k + 5*u, r*u + 7 = -9. Calculate the remainder when k is divided by 6/8 - (-143)/44.
3
Let a = -37 + 39. Suppose 2*h = -7*i + a*i + 21, -5*i = 15. Calculate the remainder when (6/(-5))/((-28)/1050) is divided by h.
9
Let v be (-23 - 0) + -5*2/(-10). Let x be 33/v*4/3 + 1. Let u(i) = -44*i + 5. Calculate the remainder when u(x) is divided by 10.
9
Let a(l) = -l + 2. What is the remainder when 12/(-9)*-1*(8 + 4077/108) is divided by a(-6)?
5
Suppose 0 = -y - 1 + 6, -4*s + 57 = 5*y. Suppose s - 2 = 3*t. Suppose 21*f + 805 = 826. What is the remainder when t is divided by f?
0
Let p(o) = 53*o**2 + 35*o + 79. What is the remainder when p(-2) is divided by 23?
14
Let b = -1629 - -1707. What is the remainder when b is divided by 71?
7
Suppose 99*k = 8*k + 3822. Calculate the remainder when 4281 is divided by k.
39
Let t(s) = s**3 + 35*s**2 - 1. Let a be t(-35). Calculate the remainder when ((-30)/(-12) + a)/(3/62) is divided by 16.
15
Suppose 5*k + 58*x = 59*x + 204, -4*x = -2*k + 78. Calculate the remainder when 653 is divided by k.
38
Suppose -22443 = -67*s + 34105. Calculate the remainder when s is divided by 18.
16
Suppose -3*g + 3*j = -15, 53 = -5*j + 63. Let l be (-15)/(-6)*104/10. Calculate the remainder when 2 + (-3 - -5)*l is divided by g.
5
Suppose j - s - 72 = 0, 3*j + s + 148 = 5*j. Calculate the remainder when 608 is divided by j.
0
Let u(p) = 5*p**2 + 9*p - 8. Let c(k) = k**2 + 5*k + 3. Let o be c(-3). Calculate the remainder when (2/6)/((-1)/(-87)) is divided by u(o).
9
Let u be (-9)/(-36) + 1166/8. Let n = u - -76. Calculate the remainder when n is divided by 60.
42
Suppose 1668*i - 1709*i + 227263 = 0. Calculate the remainder when i is divided by 231.
230
Let h(d) = 0 - 6 - 3*d - 3*d. Let f be h(-5). Let m = f - 19. What is the remainder when 8 is divided by m?
3
Let t(y) = 5*y - 4. Let n(s) = 6*s - 5. Let l(p) = 4*n(p) - 3*t(p). Calculate the remainder when l(5) is divided by -2 - (-5 + (-10 - 0)).
11
Let m = 61 + 135. Suppose -41 = s - 2*s - 3*l, m = 4*s + 4*l. What is the remainder when s is divided by 8?
5
Calculate the remainder when 362 is divided by (-853)/(-7) - (-258)/(-301).
120
Calculate the remainder when 9 + -19 + 1*874 - 1 is divided by 11.
5
Suppose 3*m = 3*n + 19 + 62, 2*n + 60 = 4*m. Let x(g) = -g**2 - 24*g + 41. What is the remainder when 91 is divided by x(n)?
9
Let w be 2/(-15) - (-4 - 266/(-30)). Let x(t) = 2*t + 1. Calculate the remainder when x(9) is divided by (-3)/(-15) - ((-68)/w)/(-2).
5
Let m(z) = 8*z + 3. What is the remainder when m(5) is divided by -22*12*8/(-96)?
21
Let o = -3 + 3. Suppose o = l + 2*u + 1, -2*u - 29 = -4*l + u. Suppose -2*c + 98 = -0*c - l*h, h + 147 = 3*c. What is the remainder when c is divided by 26?
23
Suppose 4*a - 14 = -6. Let t(d) = 2 - 1 + 3 - a + d**2. Calculate the remainder when t(5) is divided by 7.
6
Let a = 8405 - 8319. What is the remainder when 965 is divided by a?
19
Suppose -g - 5 + 6 = 0, -3*g = -2*t + 175. Suppose 4*c + 41 + 137 = 5*w, -3*c + 199 = 5*w. Let n = -15 + w. What is the remainder when t is divided by n?
20
Suppose -50 = -8*h + 3*h. Suppose -816 = 153*o - 161*o. Suppose -14*i + 20*i = o. What is the remainder when i is divided by h?
7
What is the remainder when 0 + (-1616)/(-5 + -11) is divided by 18?
11
Let i(p) = -p + 1. Suppose 2*k + 0*k - 2 = 0. Let l(y) = -8*y + 39. Let v(d) = k*l(d) - 6*i(d). What is the remainder when 78 is divided by v(6)?
15
Let i = 10744 - 10518. What is the remainder when 1188 is divided by i?
58
Let c(a) = -a**2 + 11*a - 3. Let p = 50959 + -50948. Calculate the remainder when c(5) is divided by p.
5
Suppose -91*n + 97*n - 1800 = 0. Suppose -33*z + n = -13*z. Calculate the remainder when 67 is divided by z.
7
Let x = -2309 - -2324. Suppose 3 = 3*s - 21. Calculate the remainder when x is divided by s.
7
Suppose -3*j + 26 = 5*o - 989, -3*o = -2*j + 683. Suppose 13*w = 4643 - 4500. What is the remainder when j is divided by w?
10
Let l(b) = 2*b**3 + 106*b**2 - 2*b - 49. What is the remainder when 80 is divided by l(-53)?
23
Suppose -d + 6 = 3. Suppose 4*f - 119 = d*t - 690, -4*t - 5*f = -751. Let g(l) = 28*l - 500. What is the remainder when t is divided by g(19)?
29
Suppose 4*z - 192 = 5*n, -89 - 7 = -2*z - 3*n. Calculate the remainder when 91 is divided by z.
43
Let b = -195 - -206. Suppose -15 + b = j + 4*q, -4*j + 28 = 5*q. Calculate the remainder when j is divided by 2.
0
Suppose 0 = -4*y + 3*p - 580, -y - 288 = y - p. Let c = -51 - y. Calculate the remainder when c is divided by 19.
15
Let c(v) = 24*v + 840. Calculate the remainder when 474 is divided by c(-31).
90
Suppose 3232 = 180*u - 188*u. Let w = u + 412. What is the remainder when 294 is divided by w?
6
Suppose -6 = -2*w, -29*q + 32*q + w + 285 = 0. Calculate the remainder when 397 is divided by (q/15)/((-38)/95).
13
Let z = -377 - -45. Let x = -216 - z. What is the remainder when x is divided by 40?
36
Let s = 48 - 37. Suppose s*v = 21*v - 1060. Calculate the remainder when v is divided by 19.
11
Suppose 0 = -3*a - 5*a + 488. Suppose u + 1 = 0, 2*u + 2*u - 342 = -2*f. Calculate the remainder when f is divided by a.
51
Calculate the remainder when ((-9)/3 - 1)*(2220/(-8) + 9) is divided by 217.
206
Let i = 28 + 59. Let t = 25 - -9. Suppose 2*w = -z + t, z + 26 = 2*w + 6*z. What is the remainder when i is divided by w?
15
What is the remainder when 456 is divided by 4/(16/(-9))*(-1792)/96?
36
Let l(s) = -s**3 - 4*s**2 - s + 571. Let r be l(0). Let b = 799 - r. Calculate the remainder when b is divided by 33.
30
Suppose -10036 - 23764 = -67*p + 42*p. What is the remainder when p is divided by 270?
2
Suppose 0 = -2*a + 3*x + 544, 25 = -x + 31. What is the remainder when a is divided by 127?
27
Let t(a) = -4*a**2 - 369*a - 286. What is the remainder when 1181 is divided by t(-91)?
167
Suppose 25 = 6*o - 5. Suppose -2*m = -2*n + 22, -o*m + m = -n + 14. Calculate the remainder when n is divided by 3.
1
Suppose 5*q - 381 - 24 = a, 4*q = 4*a + 308. What is the remainder when q is divided by (-122)/(-18) + (-30)/(-135)?
5
Let t = -117 + 160. What is the remainder when 144 is divided by t?
15
Suppose 2*g - 5*z - 232 - 103 = 0, -3*g = z - 477. Suppose g = 29*p - 9*p. Calculate the remainder when 38 is divided by p.
6
Let i(v) = 11*v - 565. Calculate the remainder when i(93) is divided by 98.
66
Suppose 4*h - 82*o + 80*o - 44 = 0, 0 = 4*h + 3*o - 64. What is the remainder when 1178 is divided by h?
8
Let r(j) = -j**3 + 8*j**2 - 2*j - 2. Suppose 13*w - 16*w = -63. Suppose 4*h = t - 17, -5*h - 7 = -2*t + w. What is the remainder when r(7) is divided by t?
6
Let s = 566 + -535. Suppose -11*m + s*m - 580 = 0. What is the remainder when 434 is divided by m?
28
Let q(h) = h**2 + 20 + 21*h - h**2 - 22*h + 3*h**2. What is the remainder when q(6) is divided by 31?
29
Let q(z) = 93*z + 116. Let n be q(4). Let b = 541 - n. What is the remainder when 316 is divided by b?
51
Suppose -4*d - 184 = -3*n - 26, -4*d - 108 = -2*n. Suppose -7*h + 176 = n. Let q = 277 + -154. What is the remainder when q is divided by h?
15
Let b be 8/((-110)/(-15) - 8). Calculate the remainder when 219 is divided by 3 + 48/(b/(-2)).
10
Let l(h) = -3*h - 38. Let j be l(